{"id":1919,"date":"2025-08-08T13:32:54","date_gmt":"2025-08-08T16:32:54","guid":{"rendered":"https:\/\/www.gruposindicatodosamba.com.br\/?post_type=product&#038;p=1919"},"modified":"2025-09-03T17:39:53","modified_gmt":"2025-09-03T20:39:53","slug":"tbt-sds-ingresso-3o-lote","status":"publish","type":"product","link":"https:\/\/www.gruposindicatodosamba.com.br\/ingressos\/produto\/tbt-sds-ingresso-3o-lote\/","title":{"rendered":"TBT SDS &#8211; INGRESSO (3\u00ba LOTE)"},"content":{"rendered":"<p>#TBT do Sindicato do Samba! No dia 09 de agosto, o Conselho Cultural da Madre Deus vai tremer com uma noite inesquec\u00edvel de samba raiz e nostalgia! No palco: Sindicato do Samba, T\u00f4 Di Mais, Dois \u00e9 Bom, Grupo Argumento (Daniel, Victor Hugo e Neyzinho), Samba de Reis (Marlon Reis) e Gleidson Rodrigues.<\/p>\n","protected":false},"excerpt":{"rendered":"<p>#TBT do Sindicato do Samba! No dia 09 de agosto, o Conselho Cultural da Madre Deus vai tremer com uma noite inesquec\u00edvel de samba raiz e nostalgia! No palco: Sindicato do Samba, T\u00f4 Di Mais, Dois \u00e9 Bom, Grupo Argumento (Daniel, Victor Hugo e Neyzinho), Samba de Reis (Marlon Reis) e Gleidson Rodrigues.<\/p>\n","protected":false},"featured_media":326,"comment_status":"closed","ping_status":"closed","template":"","meta":{"_joinchat":[]},"product_brand":[],"product_cat":[56],"product_tag":[],"class_list":{"0":"post-1919","1":"product","2":"type-product","3":"status-publish","4":"has-post-thumbnail","6":"product_cat-ingressos","8":"first","9":"instock","10":"virtual","11":"purchasable","12":"product-type-simple"},"_links":{"self":[{"href":"https:\/\/www.gruposindicatodosamba.com.br\/ingressos\/wp-json\/wp\/v2\/product\/1919","targetHints":{"allow":["GET"]}}],"collection":[{"href":"https:\/\/www.gruposindicatodosamba.com.br\/ingressos\/wp-json\/wp\/v2\/product"}],"about":[{"href":"https:\/\/www.gruposindicatodosamba.com.br\/ingressos\/wp-json\/wp\/v2\/types\/product"}],"replies":[{"embeddable":true,"href":"https:\/\/www.gruposindicatodosamba.com.br\/ingressos\/wp-json\/wp\/v2\/comments?post=1919"}],"wp:featuredmedia":[{"embeddable":true,"href":"https:\/\/www.gruposindicatodosamba.com.br\/ingressos\/wp-json\/wp\/v2\/media\/326"}],"wp:attachment":[{"href":"https:\/\/www.gruposindicatodosamba.com.br\/ingressos\/wp-json\/wp\/v2\/media?parent=1919"}],"wp:term":[{"taxonomy":"product_brand","embeddable":true,"href":"https:\/\/www.gruposindicatodosamba.com.br\/ingressos\/wp-json\/wp\/v2\/product_brand?post=1919"},{"taxonomy":"product_cat","embeddable":true,"href":"https:\/\/www.gruposindicatodosamba.com.br\/ingressos\/wp-json\/wp\/v2\/product_cat?post=1919"},{"taxonomy":"product_tag","embeddable":true,"href":"https:\/\/www.gruposindicatodosamba.com.br\/ingressos\/wp-json\/wp\/v2\/product_tag?post=1919"}],"curies":[{"name":"wp","href":"https:\/\/api.w.org\/{rel}","templated":true}]}}

TBT SDS &#8211; INGRESSO (3º LOTE)

<p>#TBT do Sindicato do Samba! No dia 09 de agosto, o Conselho Cultural da Madre Deus vai tremer com uma noite inesquecível de samba raiz e nostalgia! No palco: Sindicato do Samba, Tô Di Mais, Dois é Bom, Grupo Argumento (Daniel, Victor Hugo e Neyzinho), Samba de Reis (Marlon Reis) e Gleidson Rodrigues.</p>
